{"id":908,"date":"2016-10-06T16:11:36","date_gmt":"2016-10-06T16:11:36","guid":{"rendered":"http:\/\/www.ei4.com.br\/word\/?page_id=908"},"modified":"2022-06-21T19:23:03","modified_gmt":"2022-06-21T19:23:03","slug":"suporte","status":"publish","type":"page","link":"http:\/\/www.ei4.com.br\/word\/suporte\/","title":{"rendered":"Suporte"},"content":{"rendered":"<p>[et_pb_section admin_label=&#8221;section&#8221;][et_pb_row admin_label=&#8221;row&#8221;][et_pb_column type=&#8221;4_4&#8243;][et_pb_post_title admin_label=&#8221;T\u00edtulo da Publica\u00e7\u00e3o&#8221; title=&#8221;on&#8221; meta=&#8221;off&#8221; author=&#8221;on&#8221; date=&#8221;on&#8221; categories=&#8221;on&#8221; comments=&#8221;on&#8221; featured_image=&#8221;off&#8221; featured_placement=&#8221;below&#8221; parallax_effect=&#8221;on&#8221; parallax_method=&#8221;on&#8221; text_orientation=&#8221;center&#8221; text_color=&#8221;dark&#8221; text_background=&#8221;off&#8221; text_bg_color=&#8221;rgba(255,255,255,0.9)&#8221; module_bg_color=&#8221;rgba(255,255,255,0)&#8221; title_font_size=&#8221;50&#8243; title_all_caps=&#8221;off&#8221; use_border_color=&#8221;off&#8221; border_color=&#8221;#ffffff&#8221; border_style=&#8221;solid&#8221;]<\/p>\n<p>[\/et_pb_post_title][et_pb_text admin_label=&#8221;Texto&#8221; background_layout=&#8221;light&#8221; text_orientation=&#8221;center&#8221; use_border_color=&#8221;off&#8221; border_color=&#8221;#ffffff&#8221; border_style=&#8221;solid&#8221;]<\/p>\n<p>Abaixo encontram-se alguns softwares de suporte para a equipe EI4 poder lhe atender com seguran\u00e7a e agilidade.<\/p>\n<p>[\/et_pb_text][\/et_pb_column][\/et_pb_row][et_pb_row admin_label=&#8221;Linha&#8221;][et_pb_column type=&#8221;1_4&#8243;][\/et_pb_column][et_pb_column type=&#8221;1_4&#8243;][et_pb_text admin_label=&#8221;Texto&#8221; background_layout=&#8221;light&#8221; text_orientation=&#8221;center&#8221; use_border_color=&#8221;off&#8221; border_color=&#8221;#ffffff&#8221; border_style=&#8221;solid&#8221;]<\/p>\n<div id=\"attachment_939\" style=\"width: 350px\" class=\"wp-caption alignnone\"><a href=\"https:\/\/www.ei4.com.br\/SD\/APD_456EWM  driver impressora epson.zip\" target=\"_blank\"><img aria-describedby=\"caption-attachment-939\" loading=\"lazy\" class=\"wp-image-939 size-full\" src=\"http:\/\/www.ei4.com.br\/word\/wp-content\/uploads\/2016\/10\/drive-impressora.png\" alt=\"Download - Driver | Impressora Epson TM-T20\" width=\"340\" height=\"227\" \/><\/a><p id=\"caption-attachment-939\" class=\"wp-caption-text\"><a title=\"Download \u2013 Driver Impressora\" href=\"https:\/\/www.ei4.com.br\/SD\/APD_456EWM  driver impressora epson.zip\" target=\"_blank\">Download &#8211; Driver Impressora<\/a><\/p><\/div>\n<p>[\/et_pb_text][\/et_pb_column][et_pb_column type=&#8221;1_4&#8243;][et_pb_text admin_label=&#8221;Texto&#8221; background_layout=&#8221;light&#8221; text_orientation=&#8221;center&#8221; use_border_color=&#8221;off&#8221; border_color=&#8221;#ffffff&#8221; border_style=&#8221;solid&#8221;]<\/p>\n<div id=\"attachment_941\" style=\"width: 350px\" class=\"wp-caption alignnone\"><a href=\"https:\/\/get.teamviewer.com\/ei4tecnologia\" target=\"_blank\"><img aria-describedby=\"caption-attachment-941\" loading=\"lazy\" class=\"size-full wp-image-941\" src=\"http:\/\/www.ei4.com.br\/word\/wp-content\/uploads\/2016\/10\/download-teamviewer.png\" alt=\"Download - TeamViewer\" width=\"340\" height=\"227\"><\/a><p id=\"caption-attachment-941\" class=\"wp-caption-text\"><a href=\"https:\/\/get.teamviewer.com\/ei4tecnologia\" target=\"_blank\">Download &#8211; TeamViewer<\/a><\/p><\/div>\n<p>[\/et_pb_text][\/et_pb_column][et_pb_column type=&#8221;1_4&#8243;][\/et_pb_column][\/et_pb_row][\/et_pb_section]<\/p>\n","protected":false},"excerpt":{"rendered":"<p>[et_pb_section admin_label=&#8221;section&#8221;][et_pb_row admin_label=&#8221;row&#8221;][et_pb_column type=&#8221;4_4&#8243;][et_pb_post_title admin_label=&#8221;T\u00edtulo da Publica\u00e7\u00e3o&#8221; title=&#8221;on&#8221; meta=&#8221;off&#8221; author=&#8221;on&#8221; date=&#8221;on&#8221; categories=&#8221;on&#8221; comments=&#8221;on&#8221; featured_image=&#8221;off&#8221; featured_placement=&#8221;below&#8221; parallax_effect=&#8221;on&#8221; parallax_method=&#8221;on&#8221; text_orientation=&#8221;center&#8221; text_color=&#8221;dark&#8221; text_background=&#8221;off&#8221; text_bg_color=&#8221;rgba(255,255,255,0.9)&#8221; module_bg_color=&#8221;rgba(255,255,255,0)&#8221; title_font_size=&#8221;50&#8243; title_all_caps=&#8221;off&#8221; use_border_color=&#8221;off&#8221; border_color=&#8221;#ffffff&#8221; border_style=&#8221;solid&#8221;] [\/et_pb_post_title][et_pb_text admin_label=&#8221;Texto&#8221; background_layout=&#8221;light&#8221; text_orientation=&#8221;center&#8221; use_border_color=&#8221;off&#8221; border_color=&#8221;#ffffff&#8221; border_style=&#8221;solid&#8221;] Abaixo encontram-se alguns softwares de suporte para a equipe EI4 poder lhe atender com seguran\u00e7a e agilidade. [\/et_pb_text][\/et_pb_column][\/et_pb_row][et_pb_row admin_label=&#8221;Linha&#8221;][et_pb_column type=&#8221;1_4&#8243;][\/et_pb_column][et_pb_column type=&#8221;1_4&#8243;][et_pb_text [&hellip;]<\/p>\n","protected":false},"author":1,"featured_media":0,"parent":0,"menu_order":0,"comment_status":"open","ping_status":"open","template":"","meta":{"ngg_post_thumbnail":0},"_links":{"self":[{"href":"http:\/\/www.ei4.com.br\/word\/wp-json\/wp\/v2\/pages\/908"}],"collection":[{"href":"http:\/\/www.ei4.com.br\/word\/wp-json\/wp\/v2\/pages"}],"about":[{"href":"http:\/\/www.ei4.com.br\/word\/wp-json\/wp\/v2\/types\/page"}],"author":[{"embeddable":true,"href":"http:\/\/www.ei4.com.br\/word\/wp-json\/wp\/v2\/users\/1"}],"replies":[{"embeddable":true,"href":"http:\/\/www.ei4.com.br\/word\/wp-json\/wp\/v2\/comments?post=908"}],"version-history":[{"count":16,"href":"http:\/\/www.ei4.com.br\/word\/wp-json\/wp\/v2\/pages\/908\/revisions"}],"predecessor-version":[{"id":1148,"href":"http:\/\/www.ei4.com.br\/word\/wp-json\/wp\/v2\/pages\/908\/revisions\/1148"}],"wp:attachment":[{"href":"http:\/\/www.ei4.com.br\/word\/wp-json\/wp\/v2\/media?parent=908"}],"curies":[{"name":"wp","href":"https:\/\/api.w.org\/{rel}","templated":true}]}}